t = -30*t - 1258. Calculate the remainder when 880 is divided by t.
30
Let g be -67 - 1 - ((-16)/(-4) + -6). Let f be (3 - 5) + g/(-6). Suppose -f*p - 153 = -10*p. Calculate the remainder when p is divided by 13.
10
Suppose 3*g + 2*g + 1130 = 0. Let l = -216 - g. Let z = 64 + -25. What is the remainder when z is divided by l?
9
Let b(x) = -2*x**2 - 588*x + 4221. What is the remainder when 476/3 + 3/9 is divided by b(7)?
5
Suppose 2*s = -2*s + 3*m + 399, 4*m = -3*s + 318. Let x = 115 - s. Calculate the remainder when 103 is divided by x.
12
Suppose 0 = 112*j - 30*j - 6970. Calculate the remainder when 3484 is divided by j.
84
Suppose 70*o + 66*o - 149179 - 176949 = 0. What is the remainder when o is divided by 4?
2
Let h = -5440 - -5644. Calculate the remainder when 634 is divided by h.
22
Let m(z) = -8*z**2 + 65*z + 24. Let j(g) = 4*g**2 - 32*g - 12. Let y(a) = 13*j(a) + 6*m(a). What is the remainder when y(11) is divided by 49?
39
Let x be 2/(-3) - 13288/(-33). Let d = -271 + x. Let p(w) = -w**2 - 15*w + 8. Calculate the remainder when d is divided by p(-12).
43
Suppose -n + 22 = 6*l - 3*l, 0 = n + l - 14. Let b = 10 - n. Suppose -6*t + 355 + 299 = b. Calculate the remainder when t is divided by 11.
10
Suppose 4*t + 29 = 3*q - 37, 0 = -3*t. What is the remainder when (3/(-5))/((-62)/6510) is divided by q?
19
What is the remainder when 1404 is divided by (8/12)/(63/105 - (-2211)/(-3735))?
76
Let k(s) = 46*s**2 - 199*s - 1601. Calculate the remainder when k(-7) is divided by 508.
14
Suppose -1 = 2*s + z - 45, z = 0. Suppose 1 = 3*u - 5*b, 4*b + 3 = -5. What is the remainder when s is divided by (0/(-5) - u) + 1?
2
Suppose v - 4*v + 306 = 0. Calculate the remainder when v is divided by (31 + 8)/(6/3 - 1).
24
Suppose 2*j = -2*p + 62, -j = -30*p + 33*p - 87. Calculate the remainder when 542 is divided by p.
10
Let w = 821 + -815. Suppose f = 4*y + 105, 106 = f - w*y + 3*y. Calculate the remainder when f is divided by 63.
46
Let d = -440 + 1388. What is the remainder when d is divided by 4/((-16)/152*(-2)/1)?
17
Let i be ((-7466)/26)/(-1) + 42/(-273). Let q = i - 280. Suppose -b - 9 = -26. What is the remainder when b is divided by q?
3
What is the remainder when (8583*16/36)/((-49)/(-147)) is divided by 24?
20
Suppose n - 137 = -28. What is the remainder when 4685 is divided by n?
107
Let m(s) = -2*s**3 - s**2 + 2*s - 1. Let q(w) = w**2 - 17*w + 75. Calculate the remainder when q(13) is divided by m(-2).
2
Suppose 4*h = w + 99 + 630, 3*h + 5*w = 541. Let z(n) = n**3 + 8*n**2 + 5*n - 8. Let y be z(-7). Let i = 40 + y. What is the remainder when h is divided by i?
44
Let l(n) = -113*n - 737. Calculate the remainder when 186 is divided by l(-7).
24
Calculate the remainder when 926 is divided by 107/15 - ((-1233)/(-135) + -9).
2
Let v(i) = -6*i + 6. Let a be v(2). Let y be a/(1 + 1) - (-14 - -8). Suppose -5*h = -y*h - 8. What is the remainder when 9 is divided by h?
1
Let n = 1710 + -1666. Calculate the remainder when n is divided by 35.
9
Suppose -y + 524 = -4*w + 214, -2*w = 6. What is the remainder when 335 is divided by y?
37
Let v be (5 - (28 + 1))/(-1) + -5. Suppose -8*c - v = -547. Calculate the remainder when c is divided by 18.
12
Suppose z - 433 = 11*p - 14*p, -131 = -p + 3*z. Calculate the remainder when p is divided by 143.
0
Let h = 666 - 564. Calculate the remainder when h is divided by 28.
18
Let i(c) = -30 + 34*c**2 + 3*c**2 + 13*c - 4*c**2 - 13*c**2. What is the remainder when i(4) is divided by 69?
66
Suppose 6*o - 107*o + 816383 = 0. What is the remainder when o is divided by 231?
229
Suppose 2*y + 4 = 4*y. Suppose -2*r + 46 = -0*r. Calculate the remainder when (-5)/(10/(-224)) + y is divided by r.
22
Let g(z) be the second derivative of 267*z**5/20 - z**4/6 - 5*z**3/6 + 3*z**2 + 252*z. What is the remainder when g(1) is divided by 74?
44
Suppose 26*z = 25*z. Let q(o) = 2*o**3 - 3*o**2 - o + 10. Calculate the remainder when 477 is divided by q(z).
7
Let d(l) = -3*l**2 - 37*l - 21. Let v(w) = w**3 + 6*w**2 + 4*w + 1. Let n be v(-5). What is the remainder when 252/n - (0 + -2 + 1) is divided by d(-11)?
20
Let z(w) = -w**2 + w + 30. Let n be z(5). Suppose 4*s + 0*p - 200 = -4*p, 2*p - n = 0. Calculate the remainder when s is divided by 1 + 1*15 + 0.
13
Suppose -j = -2*j + 10. Let s = -886 - -889. Suppose 0 = s*h - j - 29. What is the remainder when 35 is divided by h?
9
Suppose b + 7*j - 17 = 5*j, -3*b + 5*j = 15. Calculate the remainder when 2184 is divided by b.
4
What is the remainder when 365 is divided by (2601/(-6) + 1)/(40/(-16))?
19
Let s = -3187 - -3356. Let i = -15 - -25. What is the remainder when s is divided by i?
9
Let i(m) = m**3 - 138*m**2 + 271*m + 443. Calculate the remainder when i(136) is divided by 34.
1
Let c = -305 - -305. What is the remainder when c/(9 + -17) + 824/2 is divided by 18?
16
Let a(x) = -34*x + 599. What is the remainder when 9679 is divided by a(17)?
19
Let v = 555 - -19. What is the remainder when v is divided by (-284)/639 + (-436)/(-9)?
46
Suppose 15*g = 11*g + 1312. Suppose 2*i - 4*b - g = 0, 5*b = 2*i - 0*i - 332. Calculate the remainder when i is divided by 81.
75
Let z(r) = -r**3 - 10*r**2 - 31*r - 97. Let y be z(-8). Suppose -17*v = -y*v + 252. What is the remainder when v is divided by 33?
9
Suppose 5*y + 4*x = 657, 5*x = -4*y - 0*x + 522. Let m = -255 - -181. Let q = m + 101. Calculate the remainder when y is divided by q.
25
Let r(n) = -6*n**2 + 34*n - 2. Let k be r(19). What is the remainder when k/(-12) - (-50)/300 is divided by 67?
60
Let f = 55 - 66. Let j be 2/8*0 - (f + -3). Suppose k = -4 + j. What is the remainder when 26 is divided by k?
6
Let f = 450 + -119. Let j = f - 100. Suppose 0 = -10*r + j - 71. What is the remainder when 79 is divided by r?
15
Let s(c) = 3*c - 13. Let q be s(3). Let b be q*((-6 - -4) + (-3)/(-2)). Suppose -b*l + 130 = 4*a, 4*a = 13 + 7. Calculate the remainder when l is divided by 29.
26
Suppose a = -2*d + 1651, a - 1653 = -8*d + 7*d. Calculate the remainder when a is divided by 72.
71
Let l be (-44)/(-396) - 754/(-18). Suppose y = -4*r + l, -3*y - 5*r + 270 = 2*y. Calculate the remainder when y is divided by 12.
10
Let u be -6 + 243*(52/(-12) + 2). Let p = -558 - u. Calculate the remainder when 104 is divided by p.
14
Let u(c) = -2 + 0*c - 12*c**2 - 4*c - c**3 + 3*c. Suppose 5*m + 18 + 22 = 5*t, -2*m - 3*t = 36. Calculate the remainder when u(m) is divided by 3.
1
Let d = -9 + 16. Suppose -14*b + 5*g = -9*b - 55, -b - 5*g = -53. Calculate the remainder when b is divided by d.
4
What is the remainder when 416 is divided by 6/(-78) - ((-248)/13 - 1)?
16
Let x = 43 + -41. Suppose 5*f - f = 5*v - 52, 5*v - x*f - 46 = 0. Let l = 21 - v. Calculate the remainder when l is divided by 6.
1
Suppose 61*j + 3172 = 9516. Calculate the remainder when 753 is divided by j.
25
Let c = -16 - -23. Calculate the remainder when (18/8)/(c/252) is divided by 24.
9
Let g = -12179 - -15738. Calculate the remainder when g is divided by 12.
7
Let g(w) = -6*w**2 - 202*w + 119. Calculate the remainder when g(-34) is divided by 3.
0
Let i(w) = 77*w + 1160. Calculate the remainder when 48 is divided by i(-15).
3
Suppose 0 = 5*s - 2*s - 4*l - 271, 265 = 3*s + 2*l. Calculate the remainder when 414 is divided by s.
58
Calculate the remainder when 241 is divided by (-138*(-5)/10)/(9/(-6) + 2).
103
Let k = -29 - -53. Let f(m) = -m**2 + 10*m + 27. Let d be f(11). Suppose 98 = -9*p + d*p. What is the remainder when k is divided by p?
10
Suppose 0 = -2*n - 11 + 1. What is the remainder when 87 is divided by n + 8 - (-2 + -41)?
41
Let n be (-1471)/(-2) - (0 - 4)/(-8). Suppose -43*f + 641 = -n. Calculate the remainder when 106 is divided by f.
10
Let q(o) = 6*o**2 - 44*o - 91. What is the remainder when 38 is divided by q(-2)?
17
Suppose 12*a - 123 - 357 = 0. Let c = 49 - a. What is the remainder when (6/9)/((-1)/(-24)) is divided by c?
7
Suppose 1 = -0*t - t, -2*i + 2*t = -72. Calculate the remainder when 1212358/8757 - (-10)/18 is divided by i.
34
Suppose 0 = 23*u + 17*u + 3*u - 4515. Calculate the remainder when 224 is divided by u.
14
Let j(m) = 435*m + 3563. What is the remainder when 466 is divided by j(-8)?
51
Suppose -h = -4*h + 48. Suppose -11*v = -3*v - h. Suppose -3*l + 35 = 5